he remainder when 21 is divided by (-44)/w*(-21)/(-14)?
10
Let q = 61 - 51. Calculate the remainder when 67 is divided by q.
7
Suppose 4*c = 11 + 9. Calculate the remainder when 16 is divided by c.
1
Let w be 38/14 + (-6)/(-21). Suppose 5*z + w*o = 293, 2*o = 4*z + z - 313. Calculate the remainder when z is divided by 2 + (0 + -19)*-1.
19
Suppose 0*x = -4*x. Suppose x*w + 3 = w. Let n = 7 + 0. Calculate the remainder when n is divided by w.
1
Suppose 5*o - 100 = u, -5*u - 44 = 2*o - 3*o. What is the remainder when 56 is divided by o?
18
Suppose v + 4 = -5. Let k be v/(-4) + (-8)/32. What is the remainder when 10 is divided by (-14)/(-4) - k/(-4)?
2
Let j(q) = 8*q - 18. What is the remainder when j(12) is divided by 27?
24
Let b = 19 - 9. Let o = b + -5. Calculate the remainder when 9 is divided by o.
4
Suppose 5*z - 2*s - 26 - 13 = 0, 0 = -s + 3. Calculate the remainder when 14 is divided by z.
5
Let h be 42/6 + (1 - 4). Let y be (h - 1)/((-12)/(-20)). Suppose y*c - 27 = 13. Calculate the remainder when c is divided by 3.
2
What is the remainder when 58 is divided by (12/7)/((-2)/(-14))?
10
Suppose 2*n + 1 - 13 = 0. Suppose c = -2*c + n. What is the remainder when c is divided by 1?
0
Let r(j) = j**3 + 11*j**2 - 3*j + 9. What is the remainder when r(-11) is divided by 11?
9
Suppose -47 = -3*i - 38. Calculate the remainder when 4 is divided by i.
1
Let n = -12 + 21. Calculate the remainder when 26 is divided by n.
8
Let z(s) = s**2 + 2*s + 1. What is the remainder when z(7) is divided by 13?
12
Calculate the remainder when 42 is divided by 19*1 + 2 + 1.
20
Suppose 3*m + 2*n = 7, -4*m + 4 = 4*n - 8. Suppose -1 = -2*j + 1. What is the remainder when j is divided by m?
0
Let n be 1/((2/(-10))/(-1)). Let f = 20 - n. Calculate the remainder when 59 is divided by f.
14
Suppose -12 = 3*z, -3*z = 3*c + 133 - 40. Let f = c + 56. Calculate the remainder when f is divided by 10.
9
Let b(p) = -p + 1. Let f(v) = -9*v + 2. Let n(a) = -3*b(a) + f(a). Let k be n(-1). Let w = k + -1. What is the remainder when 7 is divided by w?
3
Calculate the remainder when -7 - 95/(-15) - 269/(-3) is divided by 46.
43
Suppose -s - 71 = -16. Let o = s - -78. Calculate the remainder when o is divided by 8.
7
Let g be 2/(-7) - (-11175)/35. Suppose -k - 4*k - 20 = 0, -5*i - k = g. Let t = -35 - i. What is the remainder when t is divided by 10?
8
Suppose 4*s - 80 = 28. Let r(a) = -a**3 - 7*a**2 - 2*a - 4. Calculate the remainder when s is divided by r(-7).
7
Let g = -4 - -12. Calculate the remainder when g is divided by -1 - ((-3)/(-6)*-6 - 3).
3
Suppose 9*l + 16 = 13*l, 0 = -5*y + 5*l + 215. What is the remainder when y is divided by (-1 - 15)/(2 + -3)?
15
Let u(v) = 4*v**2 + 1. Suppose 5*z - 59 = -3*b, -6*b - 4*z + 68 = -2*b. Calculate the remainder when u(3) is divided by b.
11
Let q = 4 - -1. Suppose -4*c = -q*c + 81. Calculate the remainder when c is divided by 21.
18
Let u(y) = -y**2 - 4*y - 10. Let x be u(-4). Let f(o) = -o**3 - 9*o**2 + 9*o + 5. Calculate the remainder when (54/4)/(1/2) is divided by f(x).
12
Let t(a) = 3*a - 5. Let b(r) = -2*r - 8. Let h be b(-7). Let y(m) = -2*m**3 - 6*m**2 - 2*m - 3. What is the remainder when y(-4) is divided by t(h)?
11
Let o be 2/(0 + 3/12). Let r be 5/(-4) - (-2)/o. Let i = r - -8. Calculate the remainder when 19 is divided by i.
5
Let c = 232 + -122. What is the remainder when c is divided by 37?
36
Suppose -2*g - 5*u = -88, -g - 4*u = 4*g - 220. Calculate the remainder when g is divided by 12.
8
Let i(n) = -n + 13. What is the remainder when -3 + 5 - (-42 + 6) is divided by i(0)?
12
Let c(d) = d**3 - 6*d**2 + 2*d - 5. Let n be (1 - 1)/(-2)*-1. Suppose 5*i - 11 - 4 = n. What is the remainder when c(6) is divided by i?
1
Suppose 10 + 0 = 5*r. Suppose z - 18 = -r*z. Suppose -h - z = -2*p + h, 4*h + 10 = 3*p. What is the remainder when p is divided by 2?
0
Suppose -s - 40 = -5*s. Let y = 52 - 24. What is the remainder when y is divided by s?
8
Let q = -72 - -122. Calculate the remainder when 397 is divided by q.
47
Suppose -8*h + 3*h - 42 = -o, -4*o + 5*h + 93 = 0. What is the remainder when o is divided by 6 - 0/(1/(-1))?
5
Suppose -4*h + 4*y = -12, -h + 0*h - 5*y - 15 = 0. Suppose z + h + 1 = 0. What is the remainder when 20 is divided by 14/((0 - 2)*z)?
6
Let d(a) = 9*a + 4. Calculate the remainder when d(3) is divided by 16.
15
Suppose n - 276 = -3*n. Let k = 14 + 4. Calculate the remainder when n is divided by k.
15
Suppose q - 120 = 6*q. Let j = 44 + q. Let k(i) = 7*i**2 - i - 2. Calculate the remainder when k(3) is divided by j.
18
Let w be 1 + 0 - 8/(-4). Let a(g) = g**3 - 4*g**2 + 2*g + 3. Let z be a(w). Suppose z*y = -3*y + 54. What is the remainder when 53 is divided by y?
17
Suppose s - 40 = -2*k - 2*k, -5*k + 71 = 2*s. Suppose -5*o + 5*q + 5 = -0, 4*o + 2*q = s. Calculate the remainder when (-26)/(-10)*(10 - 5) is divided by o.
3
Let i = -63 - -94. Let o be 2/(-1 - 0)*-1. Suppose -6*a + 64 = -o*a - 4*b, -2*a + 4*b = -42. What is the remainder when i is divided by a?
9
Let o(c) = -c + 1. Let u be o(-4). Suppose u*a - a = 16. What is the remainder when 1*18/(-8)*-4 is divided by a?
1
Let b(z) = -z**2 + 11*z - 19. Suppose 2*f - 58 = -y, 3*y = -2*y - 10. What is the remainder when f is divided by b(5)?
8
Let g = -20 - -33. Let o = 113 - 78. What is the remainder when o is divided by g?
9
Suppose 0 = -2*i - 3*i - 15, -4*b + 2*i + 162 = 0. Let o = b + -30. Calculate the remainder when 25/((-2)/((-2)/1)) is divided by o.
7
Let u = 2 - -23. What is the remainder when -2 - (-40)/18 - (-26400)/270 is divided by u?
23
Let u(p) = p**3 + 10. Suppose y - 5*y = -72. What is the remainder when y is divided by u(0)?
8
Let v(l) = 6*l + 1. Let a be v(-1). Let o = 31 + a. Calculate the remainder when o is divided by ((-2)/(-4))/(1/14).
5
Suppose 2*n - 2 = -0*n, -2*n - 33 = -5*t. Let o(h) = -h**3 + 7*h**2 + h + 8. Calculate the remainder when 43 is divided by o(t).
13
Let o(v) = -v**3 - 9*v**2 - 20*v - 9. Calculate the remainder when o(-7) is divided by 6.
3
Let l be (0/(-2))/1 - 46. Let f = l + 121. Calculate the remainder when f is divided by 19.
18
Suppose -l - 2*l = 6. Let w(r) = 8*r**2 - r - 2. Calculate the remainder when w(l) is divided by 18.
14
Let i = 230 + -170. Calculate the remainder when i is divided by 9.
6
Let d(o) = 2*o + 24. What is the remainder when 93 is divided by d(4)?
29
Suppose -122 = -5*k + 2*c, k - 25 = -0*k + c. What is the remainder when k is divided by 14?
10
Let w be (-36)/(-8) + 1/2. Suppose -g - w = 5. What is the remainder when 53 is divided by (g - -5)*36/(-10)?
17
Suppose -5*b - 88 = 62. What is the remainder when 30 is divided by 2*5*(-48)/b?
14
Let u(m) = 10*m + 1. Let d be u(-1). Let b = d + 20. Calculate the remainder when 21 is divided by b.
10
Let n = 7 + -4. Suppose -5*b + n*f = -59, 55 = 5*b - 7*f + 2*f. What is the remainder when 236/10 + (-2)/(-5) is divided by b?
11
Suppose 0 = 5*l - 43 + 8. Calculate the remainder when 18 is divided by l.
4
Suppose v + 4*v = -30. Let s(f) = f**2 - 7. What is the remainder when s(v) is divided by (-2 - -1)*(-13 + -2)?
14
Suppose -5*q = 25, -2*o - 2*q = -22 - 8. Suppose -4*x + 38 = -3*x. Calculate the remainder when x is divided by o.
18
Let s = 53 + -43. What is the remainder when (1 - -1) + -1 + 28 is divided by s?
9
Let i be 1/5 + 55/(-25). Let b(g) = -g. What is the remainder when 0 + 4 + (-1 - 1) is divided by b(i)?
0
Let l(h) = 4*h - 6. Let w = -41 + 83. Calculate the remainder when w is divided by l(7).
20
Let r(h) = -h + 12. Let t be r(14). Calculate the remainder when ((-47)/(-1))/(-1 - t) is divided by 16.
15
Let y = 13 - 9. Calculate the remainder when 11 is divided by y.
3
Let o be -2*1 - -4 - -3. Suppose -2*i + i + 19 = 3*s, -4*i = o*s - 48. Let x(v) = -2*v**2 + 18*v + 2. What is the remainder when i is divided by x(9)?
1
Suppose 2*p + 0*p - 20 = 0. Calculate the remainder when p is divided by 4/6 - 14/(-6).
1
Suppose -p - 4*p + 10 = 0. Suppose 2*q - 2*b = 2, -6 = -p*q - 2*b - 0. Let o(t) = 5*t**3 + t**2 - 2*t. Calculate the remainder when o(q) is divided by 14.
12
Let d = -31 + 36. Let w(m) = m + 19. What is the remainder when w(0) is divided by d?
4
Let n = 23 - 16. What is the remainder when 26 is divided by n?
5
Let m = 12 - 1. Let z(d) = 3*